uppose l*p = 213 + 309. What is the hundreds digit of p?
1
Let m(c) = 5*c**2 - 50*c + 689. What is the thousands digit of m(20)?
1
Suppose n + 201 = 203. What is the hundreds digit of 350*1 + -6 + n?
3
Let m(d) = -6*d - 18. Suppose x + 56 = -2*u, 0*x - 4*u = 5*x + 286. Let p = 52 + x. What is the tens digit of m(p)?
1
Let x = -93 + 93. What is the hundreds digit of 1/(-3)*(x - 3 - 2730)?
9
Let t = -220 + 126. Let c = t - -110. Suppose 0 = c*y + 23 - 2615. What is the tens digit of y?
6
Let a(m) = m**3 + 35. Suppose 14*z - 12*z = 0. Let k be a(z). What is the hundreds digit of 4/(-7) + 5130/k?
1
Suppose 9*u - 32 - 13 = 0. Suppose u*b - 159 = -0*t + 2*t, -5*t + 180 = 5*b. What is the hundreds digit of b*(-3 - (-20)/3)?
1
Let y(f) = f**2 + 3*f - 24. Let q be y(-7). Let o = -97 - q. Let g = 36 - o. What is the units digit of g?
7
Let n(x) = -13 - x**3 - x**2 + 6*x**2 - 2*x**3 - 8*x + 4*x**3. Let f be n(-6). What is the units digit of f/(-5) - (-329)/5?
6
Let v be (-1)/(-1)*(-1788 + 4 + -13). Let w = -1116 - v. What is the tens digit of w?
8
Let l(s) = -s**2 + 8*s + 6. Suppose -4*m - 12*m + 64 = 0. What is the tens digit of l(m)?
2
Suppose 350*k - 295*k - 1897775 = 0. What is the ten thousands digit of k?
3
Let s(m) = 2*m**3 + 2*m**2 - 3*m + 8. Suppose 0 = 3*l + 2 + 10. Let f be s(l). What is the units digit of f/1*((-9)/(-2))/(-9)?
8
Let k = -8069 + 8075. Let q(w) = 4*w**2 - 6*w + 4. Let p be q(-6). Suppose -r = k*b - 7*b + p, 5*b + r = 902. What is the units digit of b?
1
Suppose 11*y + 32*y - 590725 = 5083. What is the ten thousands digit of y?
1
Let r(x) = 187*x + 666. What is the tens digit of r(42)?
2
Suppose -42*b - 29*b + 1509543 = 118*b. What is the thousands digit of b?
7
Suppose 0 = -5*b - 3*y - 5, -20*b + 23*b = 3*y + 21. Suppose -557 = -2*c + t, 0 = -b*c - 2*c - 4*t + 1144. What is the hundreds digit of c?
2
Let u(p) = -116*p - 76. Let a be u(-1). Suppose f - a = -g, -6*f = -4*f - g - 80. What is the units digit of f?
0
Suppose 2*z + 414 = -4*m + 3750, 2*m + 5*z - 1652 = 0. What is the tens digit of m?
3
Let b(o) = 669*o - 1483. What is the units digit of b(17)?
0
Let t be ((-16)/(-3))/(-8)*-9. Suppose 0 = 2*r - t*r + 656. Suppose 14*m - r = 10*m. What is the units digit of m?
1
What is the thousands digit of (-9 + (-1 - 1) + -2)/(28/(-34496))?
6
Let j(n) = n**3 + 19*n**2 + 2*n + 35807. What is the hundreds digit of j(0)?
8
Let g(m) = -m**3 - 4*m**2 - 9*m + 2. Let f be g(-3). Let d = 29 - 13. Suppose d*h - f*h = -536. What is the hundreds digit of h?
1
Let i = 219 - 213. What is the units digit of 0 + i/(-6)*-922?
2
Let d = -3 - 33. Let a = 22 - d. Let w = -46 + a. What is the tens digit of w?
1
Suppose 31*o - 21*o = 66150. What is the tens digit of o?
1
Let r = 42320 - 24873. What is the thousands digit of r?
7
Let t(n) = 58*n + 7. Let l(o) = -29*o - 3. Let s(a) = -29*a - 3. Let b(c) = 4*l(c) - 5*s(c). Let j(z) = -5*b(z) + 2*t(z). What is the units digit of j(-2)?
7
Suppose 94*u - 1694592 - 914096 = 0. What is the tens digit of u?
5
Let p be 2/(4/(-8)*-2). Let o(v) = 9*v + 29*v**p + 8 - 1 - 12*v**2 - 15*v**2. What is the units digit of o(-9)?
8
Let x(k) = -k**3 + 2*k**2 - 3*k + 3. Let f be x(2). What is the units digit of 337 + f*(-12)/18?
9
Suppose -3*z + 4*d = -30 - 38, -4*z + 44 = 4*d. Let w = z + -16. Suppose 2*o - 3*l - 67 = w, -5 = -5*o + 3*l + 140. What is the units digit of o?
6
Suppose -3*x + 5*x = -13*x + 434505. What is the tens digit of x?
6
Let l be (7 - (12 - 6))*5. Suppose i - 4*r = 1217, -2*r + 2962 + 3189 = l*i. What is the hundreds digit of i?
2
Let l(v) = -53*v + 39. Let t(k) = -8*k - 158. Let d be t(-19). What is the hundreds digit of l(d)?
3
Let d be 3354/10 + (-2)/(30/(-9)). Let o = -25 + d. What is the units digit of o?
1
Let p be -2 + (6805/(-25) + -2)*-5. Suppose w - 2 = 1, 4*s - p = -3*w. What is the tens digit of s?
4
Suppose -5*z + 498 = 113. Suppose 4*a = -23 - z. What is the units digit of (a/(-7) - 1)/(2/42)?
4
Suppose 4425*w + 12064 = 4433*w. What is the thousands digit of w?
1
What is the hundreds digit of 8/6*11215*798/760?
7
Suppose u = 2*t - 2025, -2*u + 94 = t - 921. Let y = -614 + t. What is the hundreds digit of y?
3
Suppose 5*d - 7 = -c + 2*c, 31 = 2*c - d. Let f = 610 + -610. Suppose f = -a + c + 27. What is the units digit of a?
5
Let d(a) be the third derivative of 25*a**4/24 + a**3/6 - 5*a**2. Let n be d(3). What is the tens digit of n + (3 - 3) - 4?
7
Suppose 0 = 2*o - 6, -3*p - 430*o + 432*o = -68220. What is the tens digit of p?
4
Suppose 4*v - 1687 = 3*p + 78130, -3*v = -3*p - 59865. What is the hundreds digit of v?
9
Suppose 79*d + 3*m = 80*d - 20075, -2*d + 40106 = 5*m. What is the thousands digit of d?
0
Let x = -12 - -26. Suppose -19*b + x*b - 235 = 0. Let v = 101 + b. What is the tens digit of v?
5
Let t = 10876 - 1692. Let x be (-3*2/8)/((-41)/t). Let b = x - 107. What is the tens digit of b?
6
Let m be (4/4)/((-1)/(-5)). Suppose -m*y + 3*o = -984, 0 = y - o - 208 + 10. What is the hundreds digit of y?
1
What is the ten thousands digit of (533133/222)/((-3)/(-18))?
1
Let s(q) = 5*q**2 + q**3 + 2*q + 7*q + 37 + 23*q**2 - 7 + 4*q. What is the tens digit of s(-25)?
8
What is the hundreds digit of ((-84)/(-15))/(90/(-60)*12/(-108765))?
8
Let j = 631 + -647. What is the units digit of 945 - j*(-8)/32?
1
Let h(z) = -5*z**2 + 15*z - 16. Let b be h(3). Suppose 4*o - 3*u + 112 = 0, 3*o - 5*o = -5*u + 70. Let i = b - o. What is the units digit of i?
9
Let h = 711 - 726. Let m(f) = -29*f - 202. What is the hundreds digit of m(h)?
2
Let j = -93319 + 141037. What is the thousands digit of j?
7
Let a = -41 - 131. Let z = a - -264. What is the tens digit of z?
9
Let i = 750 + -225. Suppose 2*r = -3*r + i. What is the units digit of r?
5
Let w = -26 - -31. Suppose -3*m - w = 1. Let a(d) = -73*d - 5. What is the tens digit of a(m)?
4
Let d(f) = -7*f - 43. Let j = -179 + 267. Let g be (-78)/(-4)*j/(-66). What is the units digit of d(g)?
9
Suppose 0 = 4*r - f - 35468, 8*f = 4*r + 12*f - 35488. What is the units digit of r?
8
Let m(i) = i**2 + 15*i - 34. Let x be m(-17). Suppose -4*p + p - 432 = x. Let b = p - -278. What is the hundreds digit of b?
1
Suppose 0 = 4*s - 4*k, -s = -k - 4*k + 20. Suppose -x - 2 + 4 = 0. Suppose -696 = -s*q - r - x*r, 416 = 3*q + r. What is the hundreds digit of q?
1
Let i(o) = 2*o**2 + 23*o + 30. Let n be 3 + -18 + (0 - -1) + -4. What is the tens digit of i(n)?
6
Let o(p) = -1206*p - 2476. What is the ten thousands digit of o(-11)?
1
Let r = 25186 + -11732. What is the thousands digit of r?
3
Suppose 4*p - 64418 = -2*i, p - 3148 = 3*i + 12974. What is the ten thousands digit of p?
1
Suppose 85*f - 5207 = -q + 88*f, 4*f = 5*q - 26079. What is the hundreds digit of q?
2
Suppose 285046 + 2575915 = 61*t. What is the units digit of t?
1
Let c = 7213 - 3229. Suppose 0 = -4*b - 12*b + c. What is the hundreds digit of b?
2
Let n(l) = -11 - 7 - 2*l + 14*l. Let c be n(8). Let w = c - 22. What is the tens digit of w?
5
Let u(x) = 2*x**2 - 511*x - 27. What is the hundreds digit of u(-20)?
9
Let m(i) = -292*i**2 - 3*i - i + i + 314*i**2 + 4. What is the units digit of m(1)?
3
Let w(d) = d**2 + 25*d - 131. Let v be w(-31). Suppose o - 2*z = -0*z + 67, -v = -o - 4*z. What is the tens digit of o?
6
Let k(f) = -f**3 + 6*f**2 - 15*f + 24. Let a be k(5). Let j(l) = 3*l**2 + 54*l + 29. What is the hundreds digit of j(a)?
6
Suppose 23*k - 218*k + 3*k = -181632. What is the units digit of k?
6
Let l(t) = 252*t**2 - 9*t + 15. What is the thousands digit of l(4)?
4
Let r(x) = x + 1. Let w be r(8). Suppose -5*v = -2*v + w. What is the units digit of (v - -1)*(-15)/12*2?
5
Suppose -185*v = 148*v - 300*v - 103026. What is the thousands digit of v?
3
What is the tens digit of (-87818)/(-46) - (-36)/(-414)?
0
Suppose 0 = -445*s + 231*s + 225*s - 155804. What is the thousands digit of s?
4
Suppose 13*l - 71067 = 48832. What is the hundreds digit of l?
2
Let v(s) = 71*s - 145. Let x(i) = -214*i + 435. Let z(l) = -8*v(l) - 3*x(l). What is the tens digit of z(6)?
9
Let q = 12628 - 8986. What is the hundreds digit of q?
6
Let a be 3/((-57)/9 - -6). What is the units digit of 166*a/(18/(-4))?
2
Let p(y) = 4*y - 23. Let c be p(8). Let b(t) = -7*t**2 + 74*t + 11. What is the units digit of b(c)?
0
Let i